{"id":2018,"date":"2023-11-03T10:55:40","date_gmt":"2023-11-03T10:55:40","guid":{"rendered":"https:\/\/mz-lkdh.de\/?post_type=product&#038;p=2018"},"modified":"2023-11-03T11:05:09","modified_gmt":"2023-11-03T11:05:09","slug":"amaran-200x-s","status":"publish","type":"product","link":"https:\/\/mz-lkdh.de\/?product=amaran-200x-s","title":{"rendered":"Amaran 100 und 200x S"},"content":{"rendered":"<p>Perfekte Lampe f\u00fcr jeden Innendreh, hohe Lichtausbeute (8.788\/17.000 lm).<br \/>\nStufenlos dimmbar, ebenso sind Farbtemperatur-Presets zuschaltbar (2700-6500 K). Auch \u00fcber mobile Ger\u00e4te per App steuerbar.<br \/>\nFl\u00fcstlerleiser L\u00fcfter im Betrieb.<br \/>\nBowens Mount f\u00fcr opt. Softbox mit Gitter und Diffuser-Folie.<\/p>\n","protected":false},"excerpt":{"rendered":"<p>Perfekte Lampe f\u00fcr jeden Innendreh, hohe Lichtausbeute (8.788\/17.000 lm). Stufenlos dimmbar, ebenso sind Farbtemperatur-Presets zuschaltbar (2700-6500 K). Auch \u00fcber mobile Ger\u00e4te per App steuerbar. Fl\u00fcstlerleiser L\u00fcfter im Betrieb. Bowens Mount f\u00fcr opt. Softbox mit Gitter und Diffuser-Folie.<\/p>\n","protected":false},"featured_media":2019,"template":"","meta":[],"product_brand":[],"product_cat":[107,106],"product_tag":[],"class_list":{"0":"post-2018","1":"product","2":"type-product","3":"status-publish","4":"has-post-thumbnail","6":"product_cat-filmlicht","7":"product_cat-licht","9":"first","10":"instock","11":"shipping-taxable","12":"product-type-simple"},"jetpack_sharing_enabled":true,"_links":{"self":[{"href":"https:\/\/mz-lkdh.de\/index.php?rest_route=\/wp\/v2\/product\/2018","targetHints":{"allow":["GET"]}}],"collection":[{"href":"https:\/\/mz-lkdh.de\/index.php?rest_route=\/wp\/v2\/product"}],"about":[{"href":"https:\/\/mz-lkdh.de\/index.php?rest_route=\/wp\/v2\/types\/product"}],"wp:featuredmedia":[{"embeddable":true,"href":"https:\/\/mz-lkdh.de\/index.php?rest_route=\/wp\/v2\/media\/2019"}],"wp:attachment":[{"href":"https:\/\/mz-lkdh.de\/index.php?rest_route=%2Fwp%2Fv2%2Fmedia&parent=2018"}],"wp:term":[{"taxonomy":"product_brand","embeddable":true,"href":"https:\/\/mz-lkdh.de\/index.php?rest_route=%2Fwp%2Fv2%2Fproduct_brand&post=2018"},{"taxonomy":"product_cat","embeddable":true,"href":"https:\/\/mz-lkdh.de\/index.php?rest_route=%2Fwp%2Fv2%2Fproduct_cat&post=2018"},{"taxonomy":"product_tag","embeddable":true,"href":"https:\/\/mz-lkdh.de\/index.php?rest_route=%2Fwp%2Fv2%2Fproduct_tag&post=2018"}],"curies":[{"name":"wp","href":"https:\/\/api.w.org\/{rel}","templated":true}]}}