{"id":2020,"date":"2023-11-03T11:04:33","date_gmt":"2023-11-03T11:04:33","guid":{"rendered":"https:\/\/mz-lkdh.de\/?post_type=product&#038;p=2020"},"modified":"2023-11-03T11:04:33","modified_gmt":"2023-11-03T11:04:33","slug":"nikon-zfc-vloggingsystem","status":"publish","type":"product","link":"https:\/\/mz-lkdh.de\/?product=nikon-zfc-vloggingsystem","title":{"rendered":"Nikon Zfc VLoggingsystem"},"content":{"rendered":"<p>Die Nikon Kamera Zfc mit neig- und drehbarem Monitor, das Objektiv NIKKOR Z DX 16\u201350 mm VR in der Silver Edition und der<br \/>\nZhiyun Crane M2S-Gimbal erm\u00f6glichen 4K-Videos.<br \/>\nDie Systemkamera ist au\u00dferdem sehr gut als Lernkamera einsetzbar, denn mit Einstellr\u00e4dern k\u00f6nnen die<br \/>\nSuS Belichtungszeit, Belichtungskorrektur und ISO-Empfindlichkeit einstellen und m\u00fcssen nicht umst\u00e4ndlich im Men\u00fc herumsuchen.<\/p>\n","protected":false},"excerpt":{"rendered":"<p>Die Nikon Kamera Zfc mit neig- und drehbarem Monitor, das Objektiv NIKKOR Z DX 16\u201350 mm VR in der Silver Edition und der Zhiyun Crane M2S-Gimbal erm\u00f6glichen 4K-Videos. Die Systemkamera ist au\u00dferdem sehr gut als Lernkamera einsetzbar, denn mit Einstellr\u00e4dern k\u00f6nnen die SuS Belichtungszeit, Belichtungskorrektur<\/p>\n","protected":false},"featured_media":2010,"template":"","meta":[],"product_brand":[],"product_cat":[35,24],"product_tag":[],"class_list":{"0":"post-2020","1":"product","2":"type-product","3":"status-publish","4":"has-post-thumbnail","6":"product_cat-kameras","7":"product_cat-film","9":"first","10":"instock","11":"shipping-taxable","12":"product-type-simple"},"jetpack_sharing_enabled":true,"_links":{"self":[{"href":"https:\/\/mz-lkdh.de\/index.php?rest_route=\/wp\/v2\/product\/2020","targetHints":{"allow":["GET"]}}],"collection":[{"href":"https:\/\/mz-lkdh.de\/index.php?rest_route=\/wp\/v2\/product"}],"about":[{"href":"https:\/\/mz-lkdh.de\/index.php?rest_route=\/wp\/v2\/types\/product"}],"wp:featuredmedia":[{"embeddable":true,"href":"https:\/\/mz-lkdh.de\/index.php?rest_route=\/wp\/v2\/media\/2010"}],"wp:attachment":[{"href":"https:\/\/mz-lkdh.de\/index.php?rest_route=%2Fwp%2Fv2%2Fmedia&parent=2020"}],"wp:term":[{"taxonomy":"product_brand","embeddable":true,"href":"https:\/\/mz-lkdh.de\/index.php?rest_route=%2Fwp%2Fv2%2Fproduct_brand&post=2020"},{"taxonomy":"product_cat","embeddable":true,"href":"https:\/\/mz-lkdh.de\/index.php?rest_route=%2Fwp%2Fv2%2Fproduct_cat&post=2020"},{"taxonomy":"product_tag","embeddable":true,"href":"https:\/\/mz-lkdh.de\/index.php?rest_route=%2Fwp%2Fv2%2Fproduct_tag&post=2020"}],"curies":[{"name":"wp","href":"https:\/\/api.w.org\/{rel}","templated":true}]}}